t common factor of 2481 and 11721071?
827
What is the highest common divisor of 26504 and 233384?
8
What is the highest common divisor of 2036645 and 2145?
65
Calculate the greatest common divisor of 2 and 87217926.
2
What is the highest common divisor of 1042613 and 46173903?
7291
What is the greatest common factor of 46175 and 319531?
1847
What is the highest common divisor of 50 and 64720850?
50
What is the greatest common divisor of 3895245 and 5?
5
Calculate the highest common divisor of 120112684 and 1088.
68
Calculate the highest common divisor of 1729 and 8410654.
133
What is the highest common divisor of 81124 and 7990?
34
What is the greatest common divisor of 4533609 and 4161?
57
What is the highest common divisor of 113399 and 537927?
169
Calculate the highest common factor of 136 and 16035692.
68
What is the greatest common divisor of 756514 and 337846?
502
Calculate the highest common divisor of 142792 and 676.
52
What is the greatest common factor of 178058 and 560359?
5237
Calculate the highest common factor of 52362640 and 20.
20
What is the highest common divisor of 309504 and 2144064?
2496
What is the highest common divisor of 371 and 6243877?
53
What is the highest common divisor of 242 and 12602194?
22
Calculate the greatest common divisor of 138059180 and 280.
140
Calculate the greatest common factor of 538710 and 90.
30
What is the greatest common divisor of 14517065 and 221?
17
Calculate the highest common factor of 1088786736 and 144.
144
Calculate the highest common factor of 1684 and 295277191.
421
Calculate the greatest common factor of 69 and 1397204.
23
What is the greatest common factor of 784 and 813168?
16
What is the greatest common factor of 308866121 and 8732?
2183
What is the highest common divisor of 2100978 and 131?
131
What is the greatest common divisor of 88145250 and 22155?
3165
Calculate the greatest common divisor of 3507813 and 2538.
27
Calculate the highest common divisor of 1606808 and 196.
196
Calculate the greatest common divisor of 1352 and 66514513.
169
What is the greatest common factor of 11217039 and 1294?
647
Calculate the highest common factor of 25100 and 1200.
100
What is the greatest common factor of 478 and 355150654?
478
What is the highest common factor of 16 and 1300582376?
8
Calculate the highest common factor of 25 and 121839775.
25
Calculate the greatest common factor of 1400004 and 269988.
1788
Calculate the greatest common divisor of 59439786 and 11543.
119
What is the greatest common divisor of 112 and 63429268?
28
Calculate the greatest common factor of 973989 and 1581.
93
What is the greatest common divisor of 386182 and 184886?
1094
What is the highest common divisor of 955578 and 33774?
78
What is the highest common factor of 1225 and 5108005?
245
What is the greatest common factor of 7296 and 1162344?
456
Calculate the highest common factor of 9785440 and 1120.
1120
What is the highest common divisor of 56618848 and 220?
44
What is the highest common factor of 12071660 and 105260?
5540
Calculate the greatest common divisor of 57367338 and 126.
42
Calculate the greatest common divisor of 27623402 and 2201.
71
What is the greatest common factor of 168 and 367032?
24
What is the highest common divisor of 1741545 and 139425?
2535
What is the greatest common factor of 558 and 48199761?
279
What is the greatest common divisor of 15540 and 16752540?
420
What is the highest common factor of 27498982 and 28?
14
What is the highest common divisor of 55834 and 118?
2
What is the highest common divisor of 9 and 85513?
1
Calculate the greatest common factor of 1852335 and 1755.
135
What is the highest common divisor of 38838600 and 24?
24
Calculate the greatest common divisor of 873247605 and 30.
15
What is the greatest common factor of 1412591 and 88?
1
What is the greatest common divisor of 6600951 and 74907?
1827
What is the highest common divisor of 148576518 and 1244?
622
Calculate the highest common factor of 117 and 9704565.
117
What is the highest common divisor of 37196 and 35020?
68
What is the greatest common factor of 1872 and 340864992?
1872
Calculate the highest common divisor of 902833374 and 19.
19
Calculate the highest common factor of 5375 and 4019425.
1075
Calculate the highest common factor of 155936 and 215298.
886
Calculate the greatest common divisor of 239682 and 349304.
1858
Calculate the highest common divisor of 650 and 2084810.
130
Calculate the highest common divisor of 30 and 406398045.
15
Calculate the greatest common divisor of 864653 and 7992.
37
Calculate the greatest common factor of 1820 and 629447.
91
Calculate the highest common divisor of 729337785 and 1815.
1815
Calculate the highest common divisor of 13123 and 120846.
11
What is the highest common factor of 5 and 649190965?
5
Calculate the highest common factor of 362780 and 2472140.
3740
Calculate the greatest common divisor of 50057 and 721.
7
Calculate the greatest common divisor of 432 and 3315568.
16
Calculate the highest common divisor of 2170 and 2094680.
70
What is the highest common factor of 36648 and 141554936?
4072
Calculate the greatest common factor of 665 and 7756655.
95
What is the greatest common divisor of 72856 and 3668?
28
What is the greatest common factor of 839937 and 245088?
2553
Calculate the greatest common divisor of 163498 and 6.
2
What is the greatest common factor of 15735 and 11595?
15
What is the greatest common factor of 45612 and 140952?
84
What is the greatest common divisor of 209326 and 16406?
26
Calculate the greatest common divisor of 78924531 and 1515.
303
Calculate the highest common factor of 36225 and 202410.
45
What is the greatest common factor of 10285778 and 68672?
2146
Calculate the greatest common factor of 1385 and 164825.
5
What is the greatest common factor of 14965 and 987?
1
Calculate the greatest common divisor of 1300 and 5089175.
325
What is the highest common divisor of 3270311 and 24013?
649
Calculate the highest common divisor of 162 and 9282762.
162
What is the highest common factor of 717786 and 18990?
18
What is the greatest common divisor of 672257500 and 436?
436
What is the highest common divisor of 18 and 2975788?
2
What is the highest common factor of 11648 and 68632?
8
Calculate the greatest common divisor of 63 and 187512003.
63
What is the greatest common factor of 182546056 and 14?
14
Calculate the highest common divisor of 2646035 and 345.
115
What is the highest common factor of 19905 and 2310?
15
Calculate the highest common divisor of 188748118 and 3193.
103
Calculate the highest common divisor of 1196106 and 2861424.
3846
Calculate the greatest common divisor of 217389 and 66243.
933
What is the highest common divisor of 63392032 and 704?
352
What is the greatest common factor of 1292032 and 24?
8
What is the highest common factor of 3156 and 6408?
12
Calculate the greatest common factor of 2609994 and 138.
138
Calculate the greatest common divisor of 530 and 2576827670.
530
Calculate the greatest common factor of 44 and 1008743956.
44
What is the greatest common factor of 813468 and 10?
2
What is the greatest common factor of 2097 and 25227?
9
Calculate the highest common divisor of 2163072 and 1290.
258
Calculate the highest common factor of 12100 and 10940.
20
Calculate the greatest common divisor of 51 and 32643451.
17
Calculate the greatest common factor of 878692 and 35236.
92
What is the highest common factor of 128 and 62308320?
32
Calculate the greatest common factor of 27949461 and 4406.
2203
What is the greatest common factor of 404922 and 132804?
1302
Calculate the greatest common factor of 11671963 and 4168.
521
Calculate the greatest common factor of 121831200 and 2400.
2400
What is the highest common divisor of 9193850 and 1425?
25
Calculate the highest common factor of 1299114468 and 6516.
6516
What is the highest common divisor of 2192649 and 6135?
1227
What is the highest common divisor of 614150 and 156910?
710
Calculate the greatest common factor of 104242524 and 12.
12
Calculate the highest common divisor of 658 and 9325666.
14
Calculate the highest common factor of 2601489 and 1007655.
1023
Calculate the highest common factor of 16762 and 16092999.
493
What is the highest common factor of 2